3 - b**2 + 3*b + 1. Calculate q(x).
6
Let g(n) = -5*n - 7. Let m(x) = 8*x + 8. Let l(k) = 6*g(k) + 5*m(k). Calculate l(-1).
-12
Let b(q) = q**2 - q. Let x(d) = -53*d**2 - d - 51*d**2 - 4 + 102*d**2. Let i(w) = -4*b(w) - x(w). Determine i(4).
-8
Let d(a) = a**3 + a - 2. Let c(i) = -5*i**3 - 2*i**2 + 2*i + 18. Let g(h) = -c(h) - 4*d(h). What is g(-4)?
-18
Let i = 1 + 2. Suppose 0 = -i*r + 39 + 21. Suppose 5*s + 0*s + r = 0. Let a(j) = j**3 + 3*j**2 - 5*j + 3. What is a(s)?
7
Let h(m) be the first derivative of 1/3*m**3 + 2*m - 17 - 3/2*m**2. Calculate h(3).
2
Let w be -1*1*(-6 + 9). Let o(u) = 2*u + 8. Give o(w).
2
Let t(z) = 18*z. Let d(m) = -m - 9. Let g be d(-11). Suppose -2*k = -0*k + g. Give t(k).
-18
Let x(y) = y**2 - 5*y + 5. Suppose 128 = -2*c + 36. Let t be (c/(-69))/(1/6). What is x(t)?
1
Let g(n) be the third derivative of n**4/24 + n**3/6 - 168*n**2. Calculate g(0).
1
Let k = 882 + -887. Let t(v) = 2*v + 2. What is t(k)?
-8
Let l = -29 - -50. Let c be 140/l - 6/9. Let f be ((-15)/(-6))/(3/c). Let v(t) = 3*t - 4. What is v(f)?
11
Suppose -u = 4 - 16. Let v(l) = u - 9*l + 79*l**2 - 4 + l**3 - 86*l**2. Give v(8).
0
Let k(b) = 15*b**3 + 27*b**2 - 59*b - 3. Let n(i) = 7*i**3 + 13*i**2 - 28*i - 2. Let v(a) = 6*k(a) - 13*n(a). Give v(-8).
-8
Let s(j) be the third derivative of -3*j**2 + 0 - 5/24*j**4 + 7/6*j**3 + 0*j - 1/60*j**5. Let d be (-2 - -1)/(3/18). Give s(d).
1
Suppose -5*m + 25 = -5*n, 2*n + 6 = 3*m - 4. Let r(a) = a**2 + 7*a + 5. What is r(n)?
-5
Let b(q) = 8*q**2 - 2*q + 2*q**2 + q. Let a be b(-1). Suppose -1 - 2 = -k - i, -3*i + a = 5*k. Let z(x) = -3*x - 1. Calculate z(k).
-4
Let p(l) be the third derivative of 0*l - 1/120*l**6 + 1/30*l**5 + 1/12*l**4 - 1/2*l**3 + 0 - l**2. Determine p(3).
-6
Let z be 2*(-3)/(-18)*75/5. Suppose -2*u + 7*u = 5*h - 35, 0 = z*u - 3*h + 27. Let d(a) = a**3 + 5*a**2 + 4*a + 1. Determine d(u).
7
Let g(t) be the first derivative of -3*t**2/2 + 7*t - 591. Calculate g(4).
-5
Suppose 10 = 5*k + 2*t, -2*t - 8 = -4*k + 3*t. Suppose c = -5*j + k*c + 9, -j - 3*c + 5 = 0. Let a(m) = -m**3 - 3*m + 1. Give a(j).
-13
Let l(y) = -y**3 - 4*y**2 + y + 5. Suppose -4*i = -3*f + 5, 0 = 2*i + 2*f - 15 + 35. Determine l(i).
25
Let x(b) be the second derivative of -b**4/12 + 5*b**3/6 + 3*b**2 + 9*b + 1. Let r be 4 + (2 - 2) + (-2)/(-2). Determine x(r).
6
Suppose -83*r = -93*r + 110. Let i(h) = -h**3 + 11*h**2 - h + 16. Give i(r).
5
Let h(m) be the third derivative of -m**4/6 - m**3/6 - m**2 - 101. Calculate h(-6).
23
Suppose 3*w + 4*w = -2*w. Let h(v) be the second derivative of 3/2*v**3 + w + 2*v + 7/12*v**4 + 5/2*v**2 + 1/20*v**5. Determine h(-6).
-13
Let w(v) = v**3 - 4*v**2 + 2. Let p = -35 - -58. Let u = p + -13. Let i be (u/(-6))/(5/(-6)). Determine w(i).
-6
Suppose j - 5 = -i, -4*i + 3 = j - 2. Let w(o) be the second derivative of 0 + 5/6*o**3 + 6*o + 1/3*o**4 - 1/20*o**5 + o**2. Give w(j).
2
Suppose 90 = 82*l - 52*l. Let k(q) = 2*q**2 - 6*q**2 + 3 + 3*q**2 + 2*q. Give k(l).
0
Let q(b) = -10*b + 12*b + 3 + 6*b**2 - 2*b**3 - 2*b**2 - b**3. Let f(d) = 6*d**3 - 9*d**2 - 5*d - 8. Let z(g) = 2*f(g) + 5*q(g). What is z(-1)?
4
Let d(f) = 3*f**3 + 16*f**2 - 19*f. Let m(p) = p**3 - p. Let o(b) = d(b) - 4*m(b). Give o(15).
0
Suppose c - 13 = -5*u, -19*u + 22*u - 63 = 4*c. Let x(n) = -n**3 - 13*n**2 - 13*n - 12. Calculate x(c).
0
Let q(h) = h**2 - h - 4. Suppose -4*v + 4*l = -l - 33, -2*l = -2*v + 14. Suppose v*w - 24 = -w. Suppose 7*s = w*s. Determine q(s).
-4
Suppose -3*o + 8 = 2*x, -2*o - 2*x + 32 = -6*x. Let r(m) = -2*m + o - 3*m - m + 4*m. Let y = -3 + 7. Calculate r(y).
-2
Let k(j) = -j**3 + 2*j**2 + 8*j - 2. Suppose 0 = 4*l + 5*z - 27, 4*z = -0*l - 5*l + 27. What is k(l)?
13
Let p be ((-138)/(-4))/((-6)/(-12)). Suppose 0 = -3*o - 54 + p. Let j(r) = -r**3 + 4*r**2 + 3*r + 3. Determine j(o).
-7
Let v(q) be the third derivative of q**4/8 - 10*q**2. Let x = 13 - 8. Suppose k - 2*f - 5 = 0, 3*f = x*k - 9 - 2. What is v(k)?
3
Let n(m) = -4*m**2 - 6*m**2 - 4*m**2 + m. Suppose -c - 76 = -5*y - 13, 0 = -5*y + 5*c + 55. Suppose 0*l - 2*l = -3*t - y, -5*t + 2*l = 15. Determine n(t).
-15
Let o(g) = g**2 - 4*g + 6. Let n(s) = 3*s + 13. Let t be n(-11). Let i = t + 37. Let d = i + -12. Give o(d).
11
Let h = -41 + 46. Let n(d) = d**3 - 4*d - 484 + d**2 + 481 - h*d**2. Determine n(5).
2
Let u(v) = 6*v**3 + 6*v**2 - 6*v - 41. Let z(m) = -m**3 + 5*m**2 - 3*m**2 + m + 8 - 3*m**2. Let j be 18/(-3) + 4 - 0. Let f(h) = j*u(h) - 11*z(h). Give f(0).
-6
Let d(y) = -143*y - 7 + 148*y + 0 + y**2. Give d(-5).
-7
Let r(f) = -f**3 - 12*f**2 - 11*f + 3. Suppose 2*k - 5*w + 3 + 9 = 0, -5*w = -k - 1. Give r(k).
3
Suppose 0 = -4*b + 45 - 33. Let s(d) = 4*d - 3*d + 2*d - d**2 + 2*d - b. Let g be 2 + (-2 + 1 - -5). What is s(g)?
-9
Let i(g) = -g**2 + 8*g + 1. Suppose 2*w = -21*m + 17*m + 34, 4*w + 3*m - 43 = 0. What is i(w)?
8
Let m = 23 + -13. Suppose -5*v - 10 = m. Let r(x) = -x**3 - 5*x**2 - 4*x - 3. Determine r(v).
-3
Suppose 0 = -5*t, 3*f + 4*t = -0*f + 12. Suppose -f*m + 9*m - 115 = 0. Let r(z) = 40*z - m*z + 4 - 16*z. Determine r(-6).
-2
Let y(o) = 2*o**2 - 26*o - 9. Let q(p) = -p**2 + 25*p + 8. Let b(c) = -3*q(c) - 2*y(c). Determine b(-23).
-6
Let o(c) = -2*c**2 + 22*c - 6. Let p = 719 + -708. Calculate o(p).
-6
Let j(g) be the second derivative of -g**2 + 2/3*g**3 - 1/12*g**4 + 0 - 2*g. What is j(4)?
-2
Let i(r) = 4*r - 2*r**2 - 5*r + 9*r**2 - 7*r + 10 - 6*r**2. What is i(4)?
-6
Suppose -4*m + a = 31, 4*m + 37 = a + 2*a. Let x(c) be the first derivative of -c**2/2 - 2*c + 1. Let r be x(m). Let d(z) = -z**2 + 7*z + 2. Give d(r).
12
Let q be 4/3*27/6. Let m(y) = 7*y + 0*y - q*y + 1. Let c be m(1). Let z(s) = 2*s**2 + 2*s. Give z(c).
12
Let u(g) = -3*g - 10. Let j be u(-4). Suppose -2*s - j*s + 11 = z, 0 = 5*s + 2*z - 10. Let v(d) = d**3 - 6*d**2 + 3*d + 5. Calculate v(s).
-15
Let b be (0*1/(-9))/3. Let j(w) = -w - 3. Give j(b).
-3
Let m(u) = -21*u - 3. Let p be m(0). Let c(h) = 6*h**2 + 2*h + 4. Calculate c(p).
52
Let o = -5 - -7. Suppose -o*f - f = -3. Let u(j) be the first derivative of -3*j**2/2 + j - 7. Give u(f).
-2
Let d(b) = b**2 - 2. Let v(m) = 4*m**2 - 4*m - 3. Let w be v(-1). Suppose 0 = -3*z - 9, 5*i - z + w - 18 = 0. Give d(i).
2
Suppose 0*y + 2*y - b = -61, 0 = y + b + 35. Let k be ((-8)/y)/((-3)/(-36)). Suppose k*v = -2*v - 10. Let h(w) = w**3 + w**2 + 4*w + 3. Give h(v).
-9
Let b be (-4)/6*(-9)/3. Let v(s) = s + 2*s + 13 - b*s - s**2. Let j(w) = w**3 + 7*w**2 + 2*w + 14. Let m be j(-7). Give v(m).
13
Let g(h) = 22 + 19 + 19 + 42*h - 61. Give g(-1).
-43
Let q(b) = -b**3 + 10*b**2 + 3*b + 7. Let t(c) = -c**2 - c. Let h be 1 - 3/(-18) - (-2)/(-12). Let u(v) = h*q(v) + 4*t(v). What is u(6)?
1
Let o be (-30)/(-4) - (-1)/(-2). Let k = 319 - 315. Let x(p) = -k - 7*p + o*p - p. Give x(6).
-10
Let f(z) = -239 + 82 - 21*z + 82 + 76. Calculate f(1).
-20
Let x(d) = -5*d - 6 + 4*d**2 - 116*d**3 + 115*d**3 + 8*d. What is x(4)?
6
Let p(j) = j**2 + 11*j - 11. Suppose 0 = -t - 2, 9 = -w + 5*t + 7. Calculate p(w).
1
Let n(l) = -l**3 - 3*l**2 + 6*l + 5. Let s be n(-4). Let k be 28/15 - (-8)/60. Let h(u) = 4*u - k*u + 209*u**2 - 4 - 207*u**2. Determine h(s).
8
Let v = -1 + 3. Let t(q) be the first derivative of -4*q**3/3 + q**2 - 2*q + 2875. Calculate t(v).
-14
Let v(u) = -5*u**3 + 6*u**2 - 5*u - 6. Let s(g) = -4*g**3 + 5*g**2 - 3*g - 5. Let c(y) = 4*s(y) - 3*v(y). What is c(2)?
4
Suppose 36 = -3*j - 21. Let d = j + 12. Let q(b) = -b**3 - 8*b**2 - 5*b + 1. Determine q(d).
-13
Let i = 818 - 827. Let g(p) = p**3 + 9*p**2 - 2. What is g(i)?
-2
Let d(v) = -8*v - 10. Let y(h) = 3*h + 1. Let a(f) = -d(f) - 4*y(f). Determine a(-6).
30
Let o(b) be the first derivative of -b**2/2 - 13*b + 71. Calculate o(-5).
-8
Let h = -6 - -16. Let i = 14 - h. Let w be 4/i + -1 + -6. Let v(q) = -q**3 - 6*q**2 + q + 6. Determine v(w).
0
Let r(f) be the third derivative of 0*f**3 + 0*f + 0 - 1/120*f**6 - 1/20*f**5 + 1/24*f**4 - 43*f**2. Give r(-4).
12
Let y(k) = k**3 + 2 + 4*k + 12 - 2*k**3 - 150*k**2 + 155*k**2. Give y(6).
2
Let b(k) be the third derivative of -k**5/60 + k**4/3 + 2*k**3/3 + 24*k**2 - 4. Determine b(8).
4
Let x be (20/(-10) - -7)*4/5. Let z(j) be the second derivative of j**5/20 - j**4/3 + 2*j**3/3 - j**2 - j. Determine z(x).
14
Let b(q) = 2*q**2 + q - 1.